 composite?
True
Is 7473349159 prime?
False
Is 2318018341 composite?
False
Is 5999297417 a prime number?
False
Is 10696686641 composite?
False
Is 865486634 a composite number?
True
Is 24564780589 prime?
False
Is 5119301471 a prime number?
True
Is 264878759 prime?
True
Is 310423307 a prime number?
False
Is 1702006213 prime?
False
Is 6669801949 a composite number?
False
Is 2948636707 a composite number?
False
Is 744307849 a composite number?
True
Is 7477612187 a prime number?
True
Is 16312745067 a prime number?
False
Is 378498479 composite?
False
Is 23191436897 a prime number?
True
Is 1466108851 a prime number?
True
Is 27700717661 prime?
True
Is 516360127 a prime number?
False
Is 666357053 composite?
True
Is 101907947987 a composite number?
True
Is 52540222699 a composite number?
True
Is 22215382429 composite?
True
Is 11666225687 composite?
False
Is 13100747659 composite?
False
Is 10122893953 composite?
True
Is 255945413683 a composite number?
False
Is 13435796821 a prime number?
False
Is 16266834497 composite?
True
Is 24854337923 composite?
False
Is 7792153261 a composite number?
False
Is 625050917 prime?
False
Is 306070927 a prime number?
True
Is 9266447419 a composite number?
True
Is 67543443799 a composite number?
True
Is 3591693751 composite?
True
Is 146683533935 prime?
False
Is 1394275607 prime?
False
Is 1186027837 prime?
False
Is 272125501237 a composite number?
False
Is 17836856021 a composite number?
True
Is 3327345763 prime?
False
Is 52454087255 composite?
True
Is 14307549523 composite?
False
Is 478007798 prime?
False
Is 18918569683 prime?
False
Is 3923461589 a prime number?
False
Is 90677186407 prime?
False
Is 81785203 composite?
False
Is 12799271195 prime?
False
Is 1419862849 a composite number?
False
Is 76738657 prime?
False
Is 25223805263 prime?
True
Is 4869954493 prime?
True
Is 3048369047 prime?
True
Is 156434800229 a composite number?
False
Is 182538467 composite?
False
Is 4111652785 a composite number?
True
Is 622051237 a composite number?
False
Is 55564349411 a composite number?
True
Is 62025119323 a composite number?
False
Is 835304567 composite?
False
Is 165137593351 prime?
True
Is 3115435397 prime?
True
Is 2043066073 a prime number?
False
Is 23913213917 a prime number?
False
Is 6065640871 a prime number?
True
Is 100724713399 prime?
True
Is 46616596813 prime?
True
Is 16094013239 composite?
False
Is 4508696251 a prime number?
False
Is 15626410123 a composite number?
False
Is 13515740093 a composite number?
True
Is 4389461849 a prime number?
False
Is 1292299003 prime?
False
Is 12365053153 composite?
False
Is 1552429393 composite?
False
Is 2840992559 composite?
False
Is 371525509 a prime number?
False
Is 434783696203 a prime number?
False
Is 18492676469 a prime number?
True
Is 1828776179 a composite number?
False
Is 51668733257 prime?
True
Is 2173262279 a prime number?
False
Is 575962379 composite?
False
Is 5923266757 prime?
True
Is 290759111 composite?
False
Is 2047194367 a prime number?
False
Is 44195489537 prime?
False
Is 5787346699 composite?
True
Is 1416934217 a composite number?
False
Is 99562513493 composite?
False
Is 53824774579 composite?
False
Is 8544667303 a composite number?
False
Is 15115380271 a composite number?
False
Is 39292661987 composite?
True
Is 3089440463 prime?
False
Is 3796258211 prime?
True
Is 14103072727 a prime number?
True
Is 472723687 prime?
True
Is 2004112249 a prime number?
True
Is 2584914931 prime?
False
Is 895870303 prime?
False
Is 39769344001 prime?
False
Is 334325283 prime?
False
Is 283881005 a composite number?
True
Is 1217097727 a composite number?
True
Is 22709083927 composite?
False
Is 331027327 composite?
False
Is 193346701 composite?
False
Is 89306221789 a composite number?
False
Is 4019185967 a composite number?
False
Is 7880849623 a prime number?
True
Is 153129631631 composite?
False
Is 2147215409 composite?
True
Is 931285039 composite?
True
Is 7746425233 a composite number?
False
Is 233755829 prime?
True
Is 330612525281 a composite number?
False
Is 17406078229 a prime number?
True
Is 38148419 a composite number?
True
Is 8559918667 a composite number?
False
Is 78980835839 composite?
False
Is 16733953 a prime number?
False
Is 12643739159 prime?
True
Is 3878812181 a composite number?
True
Is 497250553 a prime number?
False
Is 4036914127 a prime number?
True
Is 1847418839 prime?
False
Is 1740661757 prime?
True
Is 455513141 composite?
False
Is 16543282321 a composite number?
False
Is 467940509 prime?
True
Is 246865496393 prime?
True
Is 154705017557 a composite number?
False
Is 3812787707 a composite number?
False
Is 628955317 a prime number?
False
Is 115133945567 a composite number?
False
Is 13740205991 prime?
False
Is 792798081 a prime number?
False
Is 46856933 a prime number?
False
Is 380975071 composite?
True
Is 91160227 composite?
False
Is 1559980087 a prime number?
True
Is 3842787217 a composite number?
True
Is 187674172419 a prime number?
False
Is 19030088177 prime?
False
Is 1342767989 composite?
False
Is 1576235159 a prime number?
False
Is 863411 a prime number?
False
Is 22830575207 prime?
False
Is 22815213977 a prime number?
True
Is 14946938137 composite?
True
Is 4944822569 prime?
False
Is 2353908223 a composite number?
True
Is 1053967963 prime?
False
Is 25160171 composite?
False
Is 51313110769 a composite number?
True
Is 5619860777 a prime number?
False
Is 6530952107 a composite number?
False
Is 30936149819 a composite number?
False
Is 2721711533 prime?
False
Is 418443917 prime?
True
Is 51210117293 prime?
True
Is 146040667 a prime number?
False
Is 4239585991 prime?
True
Is 162312905179 a composite number?
False
Is 211976629 a composite number?
True
Is 7177179703 a prime number?
True
Is 15976350401 prime?
False
Is 3135878323 composite?
True
Is 13894511759 a composite number?
False
Is 1387595551 a composite number?
False
Is 52315201817 a composite number?
False
Is 1172726609 a prime number?
False
Is 4944354187 a composite number?
True
Is 152569163 prime?
False
Is 24560441879 prime?
True
Is 2432545331 a prime number?
False
Is 6480955127 a prime number?
True
Is 3105183827 a prime number?
False
Is 1556193469 composite?
True
Is 1631882719 composite?
False
Is 94382851 composite?
False
Is 2415927749 composite?
True
Is 1408878221 a composite number?
False
Is 54608761969 a prime number?
True
Is 368353723 a composite number?
False
Is 95887328763 prime?
False
Is 4791921718 composite?
True
Is 57713709587 composite?
False
Is 2528759113 prime?
False
Is 3750337901 a composite number?
False
Is 9293629627 a prime number?
True
Is 998265413 prime?
True
Is 21770087 a prime number?
True
Is 21899219999 composite?
True
Is 207818309 a prime number?
False
Is 10323616369 prime?
False
Is 92696963 prime?
False
Is 10339172521 prime?
True
Is 12982580441 a prime number?
True
Is 693144329 a composite number?
False
Is 42930721739 prime?
True
Is 34782123071 prime?
True
Is 284337607 a prime number?
False
Is 45513744663 composite?
True
Is 126024221 composite?
False
Is 75027659 prime?
False
Is 35425066013 prime?
True
Is 147271673 prime?
False
Is 2672880079 a prime number?
True
Is 14181846451 a prime number?
True
Is 756102481 a prime number?
False
Is 2395673219 a prime number?
True
Is 25301649137 composite?
True
Is 8375896693 a composite number?
False
Is 3916449799 composite?
False
Is 5273675483 a prime number?
False
Is 23760913457 composite?
False
Is 374218811 composite?
True
Is 11831208913 composite?
False
Is 15980311859 a prime number?
False
Is 40425821 prime?
True
Is 151799423 prime?
True
Is 144919601029 composite?
True
Is 12744701 composite?
False
Is 134230427237 a composite number?
True
Is 677385271 a prime number?
True
Is 1178217563 a composite number?
False
Is 1493202119 composite?
True
Is 5161901803 a composite number?
False
Is 758823607 prime?
True
Is 124807201 a composite number?
False
Is 3146668207 prime?
False
Is 1512447877 a composite number?
False
Is 165923027 prime?
True
Is 6701939641 composite?
True
Is 35919925967 composite?
True
Is 824475857 composite?
False
Is 288067081 composite?
False
Is 8035722001 prime?
False
Is 28551659141 composite?
False
Is 567681217 a prime number?
True
Is 944631251 a composite number?
False
Is 71453431967 a prime number?
False
Is 59617602527 a prime number?
False
Is 4180